w/(-15)?
1
Let t = 8958 - 5744. What is the thousands digit of t?
3
Suppose -47*u = -49*u + 952. What is the hundreds digit of u?
4
Let r(d) = 63*d - 95. What is the units digit of r(9)?
2
Let c = -507 + 941. What is the units digit of c?
4
Suppose -73*r = -82*r + 3879. What is the tens digit of r?
3
Let o = -605 + 1153. What is the hundreds digit of o?
5
Let l be (5 - 1) + -3 - (-154 + -1). Suppose 3 = 5*m - 7. Suppose -4*h = 4*q - l, m*h - 84 = -0*h + q. What is the units digit of h?
1
Let o(j) = 8*j**2 + 7*j - 6. What is the units digit of o(-7)?
7
Suppose -4062 = -2*c + 5*a, -78*c - 3*a - 6102 = -81*c. What is the tens digit of c?
3
Let l(h) = h - 7. Let v be l(7). Let g = -16 - -16. What is the units digit of 3 + v + (5 - g)?
8
Suppose 0 = -2*c + 21 + 43. Suppose 0 = -3*n + 3*p + 60 + 60, c = n - 5*p. What is the units digit of n?
2
Let p = -63 - -791. What is the tens digit of p?
2
Let b be (1*-1)/(1/(-5)). Suppose b*t + 10 = 30, -4*g + 4*t = 24. What is the units digit of 11 + g/(-1) + -1?
2
Let d be (-4 + 5)*1 - -29. Let c = d + 14. What is the units digit of c?
4
Let i = 2 + 33. Suppose -25 + i = 2*n. Suppose -n*d + 10 = 0, -3*q = 3*d - 11 - 121. What is the units digit of q?
2
Suppose -11*d = -3679 + 71. Let a = -161 + d. What is the units digit of a?
7
Let b(w) = 6*w**2 + 1. Suppose 0 = -p + 21. Let o = -22 + p. What is the units digit of b(o)?
7
Suppose -5*x - 2*g - 7 = g, 3 = -5*x - 2*g. Let s = 3 - x. Suppose 2*m = 10, -s*k + 0*k + 2*m + 2 = 0. What is the units digit of k?
6
Suppose 6430 = 10*j - 880. What is the units digit of j?
1
Suppose 4*b + 2*a = -54, -4*b + 5*a = -0*b + 47. Let j = -9 - b. Suppose 0 = -4*u - j*r + 16, 6*u - r - 2 = u. What is the units digit of u?
1
Suppose 33 = 4*g - 47. Suppose 4*w - g = 0, 12 = -2*v + 3*w - 19. What is the units digit of (-243)/(-6)*v/(-12)?
7
Let x(s) = -s**2 - 11*s + 12. Let z = -20 + 8. Let j be x(z). Let h(i) = -i**2 + 27. What is the tens digit of h(j)?
2
Let b = 35 + -26. Suppose -51 + b = h + t, 0 = 3*h - 5*t + 94. Let n = h + 67. What is the tens digit of n?
2
What is the hundreds digit of -7 + -1 + 532 - -7?
5
Let g(y) = 2*y**3 + 13*y**2 - 7*y + 4. Let u be g(-7). Suppose 567 = 3*d + 5*o, u*d - 2*o - 362 = 2*d. What is the tens digit of d?
8
Suppose 0 = -2*c - 4*k - 502, 4*k = c + 4*c + 1255. Let g = c + 445. What is the tens digit of g?
9
Suppose -4*k + 477 + 511 = 0. What is the units digit of k?
7
Suppose -126 - 661 = -g. Suppose 0 = -5*r + g - 217. What is the units digit of r?
4
Suppose -3*s + 4 = -2*l, 2*s - 3*l - 1 = -2*l. Suppose 21*o + 14 = 19*o. Let p = s - o. What is the units digit of p?
5
Suppose 89*j = 85*j, -3*d + 5*j = -6654. What is the units digit of d?
8
Let y = -65 - -139. Let l = -73 + y. What is the units digit of l?
1
Suppose -g - 1 = -2*g. Let r be g + -2 + (-70)/14. What is the units digit of 39*2*(-3)/r?
9
Let n(m) = -2*m**3 - 7*m**2 - 28*m + 14. What is the tens digit of n(-9)?
5
Let y(t) = -44*t. Let q be y(1). Let f = q + 117. Let a = -30 + f. What is the units digit of a?
3
Let f(v) = -v + 8. Let x = -12 - -12. Let p be f(x). Let d(c) = -c**3 + 9*c**2 - 7*c + 2. What is the units digit of d(p)?
0
Let z(j) = j**3 - 12*j**2 + 11*j + 27. Let t be z(12). What is the units digit of (4/(-6))/((-2)/t)?
3
Let d = 13 - -14. Suppose 3*p = 15 + d. Suppose -5*c = -2*a - 72 - p, -3*c = a - 45. What is the units digit of c?
6
Let n = -266 - -1439. What is the thousands digit of n?
1
Let i(p) = 3 + 2*p**2 - 37*p - 13 - p**2 + 35*p. What is the units digit of i(-7)?
3
Let g(d) = -4*d**3 - 4*d**2 - 60*d + 7. What is the hundreds digit of g(-10)?
2
Let u = -128 - -302. Suppose 8*k - u = 2*k. What is the units digit of k?
9
Let l(c) = -36*c**3 - 2*c**2 - 3*c - 4. Let x(d) = -72*d**3 - 4*d**2 - 5*d - 7. Let j(q) = 7*l(q) - 4*x(q). What is the units digit of j(1)?
7
Let v(q) = 2*q + 27. Suppose -4*r - 11 = 25. What is the units digit of v(r)?
9
Let z(y) = -19*y + 11. Let n(v) = -2*v**2 - 8*v + 7. Let k be n(-5). What is the units digit of z(k)?
8
Suppose -2*a - 5*k = -39, -3*k - 14 = -5*a + 6. Let b(l) = a - 82*l - 1 + 69*l. What is the units digit of b(-3)?
5
Suppose g + 5*x = 11, 10*g - 6*g - x + 19 = 0. Let p = 94 + g. What is the tens digit of p?
9
Let l be (-2)/3*(-4 + 1). Suppose 4*g = l*w - 24, 32 = -0*w + 5*w - 3*g. Suppose 3*z - 4*i - 2 = -2*i, -z + w*i = 16. What is the units digit of z?
4
Suppose 21*l - 11888 = 12262. What is the hundreds digit of l?
1
Let y(t) = t + 2. Let k be y(3). Suppose -x = -1 + 2, k*b - 3*x = 413. Suppose 4*g = z + b, 4*z = 6*g - g - 97. What is the tens digit of g?
2
Let k(p) = -p**3 - 6*p**2 - 5*p - 1. Let f be k(-5). Let l be -33*((-8)/(-12))/f. Let v = 54 - l. What is the units digit of v?
2
Suppose 8*g + 7875 = 15*g. What is the thousands digit of g?
1
Suppose o - 19 = -1. Suppose -f = f - 12. What is the units digit of ((-4)/f)/(o/(-81))?
3
What is the tens digit of (-2844)/4*15/(-15)?
1
Suppose 0 = -2*n + 4*f - 2, 0*n - 3*n - 2*f = -5. Suppose -3*z - 15 = 3*p, 2*z + 10 = 4. What is the units digit of n - -26 - (p + 1)?
8
Suppose -4*s = 12, 3*s - 8974 = -5*p - 2408. What is the units digit of p?
5
Let z(d) = d**2 - 13*d + 84. What is the units digit of z(20)?
4
Suppose -180*d - 18270 = -190*d. What is the thousands digit of d?
1
Suppose -2*w - 14 = 2*b - 4*w, 31 = -4*b + 3*w. What is the tens digit of 1 - (-1 - -2) - b?
1
What is the hundreds digit of (8/8)/(3/7269)?
4
Let x(h) = 116*h + 69. What is the units digit of x(4)?
3
Let w be (-4)/(-1) - (-11 - -10). Suppose h + 416 = w*g, 2*g - 3*h = -0*g + 156. What is the tens digit of g?
8
Let s = 11 + -7. Suppose -4*c = 5*z - 14 + 2, c + 18 = s*z. Let o(l) = -3*l**3 - 3*l**2 - 2*l - 2. What is the units digit of o(c)?
4
Suppose -2526 = -6*m - 558. What is the tens digit of m?
2
Let h(g) = 102*g - 22. What is the thousands digit of h(26)?
2
Let q(k) = -k**3 - 7*k**2 - 8*k + 19. Let p(i) = -i**3 - 5*i**2 - 5*i + 13. Let l(c) = -7*p(c) + 5*q(c). What is the tens digit of l(3)?
4
Let w be (-3 - 3)*(-20)/24. Let j be 9/w*(-140)/(-21). Suppose s = -4*k - j + 52, 2*s - 65 = -3*k. What is the tens digit of s?
2
Suppose 2*h + 3*v + 4 = 0, 0*v + 2*v = -3*h + 4. Suppose 2*n = h*k - 62, 2*n + 5*k = k - 38. Let d = 2 - n. What is the tens digit of d?
2
Suppose -8*v + 2977 - 89 = 0. What is the tens digit of v?
6
Let i(w) = w**3 - 9*w**2 - 3*w - 12. Let d be i(10). Let z = 130 - d. What is the units digit of z?
2
Let g(u) = u**3 - 46*u**2 + 242*u - 71. What is the units digit of g(41)?
6
Let s = -35 + 35. Suppose l + 5*c - 30 = -s, -162 = -3*l + 3*c. What is the tens digit of l?
5
Let p be (7/(-2))/((-4)/8). Let c(o) be the second derivative of o**3/6 + 17*o**2/2 + o. What is the units digit of c(p)?
4
Let o(x) = x - 1. Let g be 0 - 3 - (2 - 21). Suppose -4*v + g = -3*t, 7*v + 3*t = 3*v + 16. What is the units digit of o(v)?
3
Suppose 2*z + 5*a = -58, -z - 4*z = 4*a + 111. Let b be z/(-5) + (-12)/15. Suppose b*s = 54 + 48. What is the units digit of s?
4
Let z(m) = m**3 + 2*m**2 + 23*m - 28. What is the hundreds digit of z(8)?
7
Suppose 5*t + 2*i - 11 = 0, t + 6*i - 3*i = -3. Suppose -14 - 10 = -t*w. What is the units digit of (-1*2)/(w/(-180))?
5
Let q = 4 + -8. Let l = q - -11. Let n(x) = -x**3 + 6*x**2 + 8*x + 10. What is the tens digit of n(l)?
1
Let d = -14 - -14. Let c be 0 + d - (-12 + 3). Suppose 0 - c = -3*k. What is the units digit of k?
3
Suppose 0*r = -r + 8. What is the units digit of r?
8
Suppose 0 = 5*v + 233 + 102. Let z = v + 154. Suppose z = 18*y - 15*y. What is the units digit of y?
9
Suppose 0 = -12*m + 3*m + 324. Let h = 31 + m. What is the tens digit of h?
6
Let f be (0 + -4)/(6/(-9)). Let w be (3 + -2)/((-2)/(-18)). What is the units digit of f/w + 128/6?
2
Suppose 0 = -4*i - j + 940, -4*i + 5*j - 2*j = -956. What is the tens digit of i?
3
Suppose 29*k = 38891 + 25721. What is the units digit of k?
8
Let t(d) = 3*d**2 - 20*d + 183. What is the hundreds digit of t(24)?
4
Let m = -765 + 220. Let c = m - -863. What is the hundreds digit of c?
3
Let c(m) = 1761*m - 84. What is the units digit of c(3)?
9
Suppose 4*m + 948 = 2*x, 2*m - 1861 = -4*x + 3*m. What is the hundreds digit of x?
4
Let q(w) = 3*w - 13. Let t be q(6). Let b(l) = l + 25. What is the tens digit of b(t